{"id":2021,"date":"2019-10-09T16:18:59","date_gmt":"2019-10-09T16:18:59","guid":{"rendered":"https:\/\/www.portedegeneve.com\/politica-sulla-riservatezza\/"},"modified":"2019-10-09T16:21:19","modified_gmt":"2019-10-09T16:21:19","slug":"politica-sulla-riservatezza","status":"publish","type":"page","link":"https:\/\/www.portedegeneve.com\/it\/politica-sulla-riservatezza\/","title":{"rendered":"Politica sulla riservatezza"},"content":{"rendered":"[vc_row][vc_column][vc_custom_heading text=&#8221;Attualmente in fase di traduzione&#8221; font_container=&#8221;tag:h2|text_align:left|color:%23382d2c&#8221; google_fonts=&#8221;font_family:Signika%20Negative%3A300%2Cregular%2C600%2C700|font_style:400%20regular%3A400%3Anormal&#8221;][\/vc_column][\/vc_row]\n","protected":false},"excerpt":{"rendered":"<p>[vc_row][vc_column][vc_custom_heading text=&#8221;Attualmente in fase di traduzione&#8221; font_container=&#8221;tag:h2|text_align:left|color:%23382d2c&#8221; google_fonts=&#8221;font_family:Signika%20Negative%3A300%2Cregular%2C600%2C700|font_style:400%20regular%3A400%3Anormal&#8221;][\/vc_column][\/vc_row]<\/p>\n","protected":false},"author":2,"featured_media":0,"parent":0,"menu_order":0,"comment_status":"closed","ping_status":"closed","template":"","meta":{"_acf_changed":false,"footnotes":""},"class_list":["post-2021","page","type-page","status-publish","hentry"],"acf":[],"yoast_head":"<title>Politica sulla riservatezza - H\u00f4tel Porte de Gen\u00e8ve<\/title>\n<meta name=\"robots\" content=\"index, follow, max-snippet:-1, max-image-preview:large, max-video-preview:-1\" \/>\n<link rel=\"canonical\" href=\"https:\/\/www.portedegeneve.com\/it\/politica-sulla-riservatezza\/\" \/>\n<meta property=\"og:locale\" content=\"it_IT\" \/>\n<meta property=\"og:type\" content=\"article\" \/>\n<meta property=\"og:title\" content=\"Politica sulla riservatezza - H\u00f4tel Porte de Gen\u00e8ve\" \/>\n<meta property=\"og:description\" content=\"[vc_row][vc_column][vc_custom_heading text=&#8221;Attualmente in fase di traduzione&#8221; font_container=&#8221;tag:h2|text_align:left|color:%23382d2c&#8221; google_fonts=&#8221;font_family:Signika%20Negative%3A300%2Cregular%2C600%2C700|font_style:400%20regular%3A400%3Anormal&#8221;][\/vc_column][\/vc_row]\" \/>\n<meta property=\"og:url\" content=\"https:\/\/www.portedegeneve.com\/it\/politica-sulla-riservatezza\/\" \/>\n<meta property=\"og:site_name\" content=\"H\u00f4tel Porte de Gen\u00e8ve\" \/>\n<meta property=\"article:modified_time\" content=\"2019-10-09T16:21:19+00:00\" \/>\n<meta name=\"twitter:card\" content=\"summary_large_image\" \/>\n<script type=\"application\/ld+json\" class=\"yoast-schema-graph\">{\"@context\":\"https:\/\/schema.org\",\"@graph\":[{\"@type\":\"WebPage\",\"@id\":\"https:\/\/www.portedegeneve.com\/it\/politica-sulla-riservatezza\/\",\"url\":\"https:\/\/www.portedegeneve.com\/it\/politica-sulla-riservatezza\/\",\"name\":\"Politica sulla riservatezza - H\u00f4tel Porte de Gen\u00e8ve\",\"isPartOf\":{\"@id\":\"https:\/\/www.portedegeneve.com\/it\/#website\"},\"datePublished\":\"2019-10-09T16:18:59+00:00\",\"dateModified\":\"2019-10-09T16:21:19+00:00\",\"breadcrumb\":{\"@id\":\"https:\/\/www.portedegeneve.com\/it\/politica-sulla-riservatezza\/#breadcrumb\"},\"inLanguage\":\"it-IT\",\"potentialAction\":[{\"@type\":\"ReadAction\",\"target\":[\"https:\/\/www.portedegeneve.com\/it\/politica-sulla-riservatezza\/\"]}]},{\"@type\":\"BreadcrumbList\",\"@id\":\"https:\/\/www.portedegeneve.com\/it\/politica-sulla-riservatezza\/#breadcrumb\",\"itemListElement\":[{\"@type\":\"ListItem\",\"position\":1,\"name\":\"Accueil\",\"item\":\"https:\/\/www.portedegeneve.com\/it\/\"},{\"@type\":\"ListItem\",\"position\":2,\"name\":\"Politica sulla riservatezza\"}]},{\"@type\":\"WebSite\",\"@id\":\"https:\/\/www.portedegeneve.com\/it\/#website\",\"url\":\"https:\/\/www.portedegeneve.com\/it\/\",\"name\":\"H\u00f4tel Porte de Gen\u00e8ve\",\"description\":\"H\u00f4tel Porte de Gen\u00e8ve\",\"publisher\":{\"@id\":\"https:\/\/www.portedegeneve.com\/it\/#organization\"},\"potentialAction\":[{\"@type\":\"SearchAction\",\"target\":{\"@type\":\"EntryPoint\",\"urlTemplate\":\"https:\/\/www.portedegeneve.com\/it\/?s={search_term_string}\"},\"query-input\":{\"@type\":\"PropertyValueSpecification\",\"valueRequired\":true,\"valueName\":\"search_term_string\"}}],\"inLanguage\":\"it-IT\"},{\"@type\":\"Organization\",\"@id\":\"https:\/\/www.portedegeneve.com\/it\/#organization\",\"name\":\"Hotel Porte de Gen\u00e8ve\",\"url\":\"https:\/\/www.portedegeneve.com\/it\/\",\"logo\":{\"@type\":\"ImageObject\",\"inLanguage\":\"it-IT\",\"@id\":\"https:\/\/www.portedegeneve.com\/it\/#\/schema\/logo\/image\/\",\"url\":\"https:\/\/www.portedegeneve.com\/wp-content\/uploads\/2019\/06\/portes_de_geneve_logo_min.png\",\"contentUrl\":\"https:\/\/www.portedegeneve.com\/wp-content\/uploads\/2019\/06\/portes_de_geneve_logo_min.png\",\"width\":224,\"height\":67,\"caption\":\"Hotel Porte de Gen\u00e8ve\"},\"image\":{\"@id\":\"https:\/\/www.portedegeneve.com\/it\/#\/schema\/logo\/image\/\"}}]}<\/script>","yoast_head_json":{"title":"Politica sulla riservatezza - H\u00f4tel Porte de Gen\u00e8ve","robots":{"index":"index","follow":"follow","max-snippet":"max-snippet:-1","max-image-preview":"max-image-preview:large","max-video-preview":"max-video-preview:-1"},"canonical":"https:\/\/www.portedegeneve.com\/it\/politica-sulla-riservatezza\/","og_locale":"it_IT","og_type":"article","og_title":"Politica sulla riservatezza - H\u00f4tel Porte de Gen\u00e8ve","og_description":"[vc_row][vc_column][vc_custom_heading text=&#8221;Attualmente in fase di traduzione&#8221; font_container=&#8221;tag:h2|text_align:left|color:%23382d2c&#8221; google_fonts=&#8221;font_family:Signika%20Negative%3A300%2Cregular%2C600%2C700|font_style:400%20regular%3A400%3Anormal&#8221;][\/vc_column][\/vc_row]","og_url":"https:\/\/www.portedegeneve.com\/it\/politica-sulla-riservatezza\/","og_site_name":"H\u00f4tel Porte de Gen\u00e8ve","article_modified_time":"2019-10-09T16:21:19+00:00","twitter_card":"summary_large_image","schema":{"@context":"https:\/\/schema.org","@graph":[{"@type":"WebPage","@id":"https:\/\/www.portedegeneve.com\/it\/politica-sulla-riservatezza\/","url":"https:\/\/www.portedegeneve.com\/it\/politica-sulla-riservatezza\/","name":"Politica sulla riservatezza - H\u00f4tel Porte de Gen\u00e8ve","isPartOf":{"@id":"https:\/\/www.portedegeneve.com\/it\/#website"},"datePublished":"2019-10-09T16:18:59+00:00","dateModified":"2019-10-09T16:21:19+00:00","breadcrumb":{"@id":"https:\/\/www.portedegeneve.com\/it\/politica-sulla-riservatezza\/#breadcrumb"},"inLanguage":"it-IT","potentialAction":[{"@type":"ReadAction","target":["https:\/\/www.portedegeneve.com\/it\/politica-sulla-riservatezza\/"]}]},{"@type":"BreadcrumbList","@id":"https:\/\/www.portedegeneve.com\/it\/politica-sulla-riservatezza\/#breadcrumb","itemListElement":[{"@type":"ListItem","position":1,"name":"Accueil","item":"https:\/\/www.portedegeneve.com\/it\/"},{"@type":"ListItem","position":2,"name":"Politica sulla riservatezza"}]},{"@type":"WebSite","@id":"https:\/\/www.portedegeneve.com\/it\/#website","url":"https:\/\/www.portedegeneve.com\/it\/","name":"H\u00f4tel Porte de Gen\u00e8ve","description":"H\u00f4tel Porte de Gen\u00e8ve","publisher":{"@id":"https:\/\/www.portedegeneve.com\/it\/#organization"},"potentialAction":[{"@type":"SearchAction","target":{"@type":"EntryPoint","urlTemplate":"https:\/\/www.portedegeneve.com\/it\/?s={search_term_string}"},"query-input":{"@type":"PropertyValueSpecification","valueRequired":true,"valueName":"search_term_string"}}],"inLanguage":"it-IT"},{"@type":"Organization","@id":"https:\/\/www.portedegeneve.com\/it\/#organization","name":"Hotel Porte de Gen\u00e8ve","url":"https:\/\/www.portedegeneve.com\/it\/","logo":{"@type":"ImageObject","inLanguage":"it-IT","@id":"https:\/\/www.portedegeneve.com\/it\/#\/schema\/logo\/image\/","url":"https:\/\/www.portedegeneve.com\/wp-content\/uploads\/2019\/06\/portes_de_geneve_logo_min.png","contentUrl":"https:\/\/www.portedegeneve.com\/wp-content\/uploads\/2019\/06\/portes_de_geneve_logo_min.png","width":224,"height":67,"caption":"Hotel Porte de Gen\u00e8ve"},"image":{"@id":"https:\/\/www.portedegeneve.com\/it\/#\/schema\/logo\/image\/"}}]}},"_links":{"self":[{"href":"https:\/\/www.portedegeneve.com\/it\/wp-json\/wp\/v2\/pages\/2021","targetHints":{"allow":["GET"]}}],"collection":[{"href":"https:\/\/www.portedegeneve.com\/it\/wp-json\/wp\/v2\/pages"}],"about":[{"href":"https:\/\/www.portedegeneve.com\/it\/wp-json\/wp\/v2\/types\/page"}],"author":[{"embeddable":true,"href":"https:\/\/www.portedegeneve.com\/it\/wp-json\/wp\/v2\/users\/2"}],"replies":[{"embeddable":true,"href":"https:\/\/www.portedegeneve.com\/it\/wp-json\/wp\/v2\/comments?post=2021"}],"version-history":[{"count":0,"href":"https:\/\/www.portedegeneve.com\/it\/wp-json\/wp\/v2\/pages\/2021\/revisions"}],"wp:attachment":[{"href":"https:\/\/www.portedegeneve.com\/it\/wp-json\/wp\/v2\/media?parent=2021"}],"curies":[{"name":"wp","href":"https:\/\/api.w.org\/{rel}","templated":true}]}}

<title>Politica sulla riservatezza - Hôtel Porte de Genève</title>
<meta name="robots" content="index, follow, max-snippet:-1, max-image-preview:large, max-video-preview:-1" />
<link rel="canonical" href="https://www.portedegeneve.com/it/politica-sulla-riservatezza/" />
<meta property="og:locale" content="it_IT" />
<meta property="og:type" content="article" />
<meta property="og:title" content="Politica sulla riservatezza - Hôtel Porte de Genève" />
<meta property="og:description" content="[vc_row][vc_column][vc_custom_heading text=&#8221;Attualmente in fase di traduzione&#8221; font_container=&#8221;tag:h2|text_align:left|color:%23382d2c&#8221; google_fonts=&#8221;font_family:Signika%20Negative%3A300%2Cregular%2C600%2C700|font_style:400%20regular%3A400%3Anormal&#8221;][/vc_column][/vc_row]" />
<meta property="og:url" content="https://www.portedegeneve.com/it/politica-sulla-riservatezza/" />
<meta property="og:site_name" content="Hôtel Porte de Genève" />
<meta property="article:modified_time" content="2019-10-09T16:21:19+00:00" />
<meta name="twitter:card" content="summary_large_image" />
<script type="application/ld+json" class="yoast-schema-graph">{"@context":"https://schema.org","@graph":[{"@type":"WebPage","@id":"https://www.portedegeneve.com/it/politica-sulla-riservatezza/","url":"https://www.portedegeneve.com/it/politica-sulla-riservatezza/","name":"Politica sulla riservatezza - Hôtel Porte de Genève","isPartOf":{"@id":"https://www.portedegeneve.com/it/#website"},"datePublished":"2019-10-09T16:18:59+00:00","dateModified":"2019-10-09T16:21:19+00:00","breadcrumb":{"@id":"https://www.portedegeneve.com/it/politica-sulla-riservatezza/#breadcrumb"},"inLanguage":"it-IT","potentialAction":[{"@type":"ReadAction","target":["https://www.portedegeneve.com/it/politica-sulla-riservatezza/"]}]},{"@type":"BreadcrumbList","@id":"https://www.portedegeneve.com/it/politica-sulla-riservatezza/#breadcrumb","itemListElement":[{"@type":"ListItem","position":1,"name":"Accueil","item":"https://www.portedegeneve.com/it/"},{"@type":"ListItem","position":2,"name":"Politica sulla riservatezza"}]},{"@type":"WebSite","@id":"https://www.portedegeneve.com/it/#website","url":"https://www.portedegeneve.com/it/","name":"Hôtel Porte de Genève","description":"Hôtel Porte de Genève","publisher":{"@id":"https://www.portedegeneve.com/it/#organization"},"potentialAction":[{"@type":"SearchAction","target":{"@type":"EntryPoint","urlTemplate":"https://www.portedegeneve.com/it/?s={search_term_string}"},"query-input":{"@type":"PropertyValueSpecification","valueRequired":true,"valueName":"search_term_string"}}],"inLanguage":"it-IT"},{"@type":"Organization","@id":"https://www.portedegeneve.com/it/#organization","name":"Hotel Porte de Genève","url":"https://www.portedegeneve.com/it/","logo":{"@type":"ImageObject","inLanguage":"it-IT","@id":"https://www.portedegeneve.com/it/#/schema/logo/image/","url":"https://www.portedegeneve.com/wp-content/uploads/2019/06/portes_de_geneve_logo_min.png","contentUrl":"https://www.portedegeneve.com/wp-content/uploads/2019/06/portes_de_geneve_logo_min.png","width":224,"height":67,"caption":"Hotel Porte de Genève"},"image":{"@id":"https://www.portedegeneve.com/it/#/schema/logo/image/"}}]}</script>

Politica sulla riservatezza - Hôtel Porte de Genève

Hôtel Porte de Genève

Hotel Porte de Genève
