{"id":1034,"date":"2019-06-17T15:30:40","date_gmt":"2019-06-17T15:30:40","guid":{"rendered":"http:\/\/www.mix7.fr\/?page_id=1034"},"modified":"2021-06-23T14:31:56","modified_gmt":"2021-06-23T14:31:56","slug":"mentions-legales","status":"publish","type":"page","link":"https:\/\/www.portedegeneve.com\/fr\/mentions-legales\/","title":{"rendered":"Mentions l\u00e9gales"},"content":{"rendered":"[vc_row][vc_column][vc_custom_heading text=&#8221;Mentions L\u00e9gales&#8221; font_container=&#8221;tag:h2|text_align:left|color:%23382d2c&#8221; google_fonts=&#8221;font_family:Signika%20Negative%3A300%2Cregular%2C600%2C700|font_style:400%20regular%3A400%3Anormal&#8221;][\/vc_column][\/vc_row][vc_row][vc_column][vc_column_text]<b>\u00c9diteur<\/b><\/p>\n<p>SAS ALSABE<br \/>\nH\u00f4tel Porte de Gen\u00e8ve<br \/>\nSi\u00e8ge social : 9 Rue de T\u00e9h\u00e9ran, 75008 Paris<br \/>\nTel : (33) 04 50 39 70 30<br \/>\nRCS :\u00a0Paris 811\u00a0665 967<br \/>\nCapital social : 1\u00a0531 088,00 EURO<br \/>\nDirectrice d\u00e9l\u00e9gu\u00e9e :\u00a0Laurence Vandeweghe<\/p>\n<p><strong>Conception et d\u00e9veloppement \/ Gestion technique :<\/strong><\/p>\n<p>Mixit7<br \/>\nwww.mixit7.com<br \/>\nhello@mixit7.com<\/p>\n<p><strong>H\u00e9bergement :<\/strong><br \/>\nMixit7 \u2013 www.mixit7.com[\/vc_column_text][\/vc_column][\/vc_row]\n","protected":false},"excerpt":{"rendered":"<p>[vc_row][vc_column][vc_custom_heading text=&#8221;Mentions L\u00e9gales&#8221; font_container=&#8221;tag:h2|text_align:left|color:%23382d2c&#8221; google_fonts=&#8221;font_family:Signika%20Negative%3A300%2Cregular%2C600%2C700|font_style:400%20regular%3A400%3Anormal&#8221;][\/vc_column][\/vc_row][vc_row][vc_column][vc_column_text]\u00c9diteur SAS ALSABE H\u00f4tel Porte de Gen\u00e8ve Si\u00e8ge social : 9 Rue de T\u00e9h\u00e9ran, 75008 Paris Tel : (33) 04 50 39 70 30 RCS :\u00a0Paris 811\u00a0665 967 Capital social : 1\u00a0531 088,00 EURO Directrice d\u00e9l\u00e9gu\u00e9e :\u00a0Laurence Vandeweghe Conception et d\u00e9veloppement \/ Gestion technique : Mixit7 www.mixit7.com hello@mixit7.com H\u00e9bergement : Mixit7 [&hellip;]<\/p>\n","protected":false},"author":2,"featured_media":0,"parent":0,"menu_order":0,"comment_status":"closed","ping_status":"closed","template":"","meta":{"_acf_changed":false,"footnotes":""},"class_list":["post-1034","page","type-page","status-publish","hentry"],"acf":[],"yoast_head":"<title>Mentions l\u00e9gales - H\u00f4tel Porte de Gen\u00e8ve<\/title>\n<meta name=\"robots\" content=\"index, follow, max-snippet:-1, max-image-preview:large, max-video-preview:-1\" \/>\n<link rel=\"canonical\" href=\"https:\/\/www.portedegeneve.com\/fr\/mentions-legales\/\" \/>\n<meta property=\"og:locale\" content=\"fr_FR\" \/>\n<meta property=\"og:type\" content=\"article\" \/>\n<meta property=\"og:title\" content=\"Mentions l\u00e9gales - H\u00f4tel Porte de Gen\u00e8ve\" \/>\n<meta property=\"og:description\" content=\"[vc_row][vc_column][vc_custom_heading text=&#8221;Mentions L\u00e9gales&#8221; font_container=&#8221;tag:h2|text_align:left|color:%23382d2c&#8221; google_fonts=&#8221;font_family:Signika%20Negative%3A300%2Cregular%2C600%2C700|font_style:400%20regular%3A400%3Anormal&#8221;][\/vc_column][\/vc_row][vc_row][vc_column][vc_column_text]\u00c9diteur SAS ALSABE H\u00f4tel Porte de Gen\u00e8ve Si\u00e8ge social : 9 Rue de T\u00e9h\u00e9ran, 75008 Paris Tel : (33) 04 50 39 70 30 RCS :\u00a0Paris 811\u00a0665 967 Capital social : 1\u00a0531 088,00 EURO Directrice d\u00e9l\u00e9gu\u00e9e :\u00a0Laurence Vandeweghe Conception et d\u00e9veloppement \/ Gestion technique : Mixit7 www.mixit7.com hello@mixit7.com H\u00e9bergement : Mixit7 [&hellip;]\" \/>\n<meta property=\"og:url\" content=\"https:\/\/www.portedegeneve.com\/fr\/mentions-legales\/\" \/>\n<meta property=\"og:site_name\" content=\"H\u00f4tel Porte de Gen\u00e8ve\" \/>\n<meta property=\"article:modified_time\" content=\"2021-06-23T14:31:56+00:00\" \/>\n<meta name=\"twitter:card\" content=\"summary_large_image\" \/>\n<meta name=\"twitter:label1\" content=\"Est. reading time\" \/>\n\t<meta name=\"twitter:data1\" content=\"1 minute\" \/>\n<script type=\"application\/ld+json\" class=\"yoast-schema-graph\">{\"@context\":\"https:\/\/schema.org\",\"@graph\":[{\"@type\":\"WebPage\",\"@id\":\"https:\/\/www.portedegeneve.com\/fr\/mentions-legales\/\",\"url\":\"https:\/\/www.portedegeneve.com\/fr\/mentions-legales\/\",\"name\":\"Mentions l\u00e9gales - H\u00f4tel Porte de Gen\u00e8ve\",\"isPartOf\":{\"@id\":\"https:\/\/www.portedegeneve.com\/fr\/#website\"},\"datePublished\":\"2019-06-17T15:30:40+00:00\",\"dateModified\":\"2021-06-23T14:31:56+00:00\",\"breadcrumb\":{\"@id\":\"https:\/\/www.portedegeneve.com\/fr\/mentions-legales\/#breadcrumb\"},\"inLanguage\":\"fr-FR\",\"potentialAction\":[{\"@type\":\"ReadAction\",\"target\":[\"https:\/\/www.portedegeneve.com\/fr\/mentions-legales\/\"]}]},{\"@type\":\"BreadcrumbList\",\"@id\":\"https:\/\/www.portedegeneve.com\/fr\/mentions-legales\/#breadcrumb\",\"itemListElement\":[{\"@type\":\"ListItem\",\"position\":1,\"name\":\"Accueil\",\"item\":\"https:\/\/www.portedegeneve.com\/fr\/\"},{\"@type\":\"ListItem\",\"position\":2,\"name\":\"Mentions l\u00e9gales\"}]},{\"@type\":\"WebSite\",\"@id\":\"https:\/\/www.portedegeneve.com\/fr\/#website\",\"url\":\"https:\/\/www.portedegeneve.com\/fr\/\",\"name\":\"H\u00f4tel Porte de Gen\u00e8ve\",\"description\":\"H\u00f4tel Porte de Gen\u00e8ve\",\"publisher\":{\"@id\":\"https:\/\/www.portedegeneve.com\/fr\/#organization\"},\"potentialAction\":[{\"@type\":\"SearchAction\",\"target\":{\"@type\":\"EntryPoint\",\"urlTemplate\":\"https:\/\/www.portedegeneve.com\/fr\/?s={search_term_string}\"},\"query-input\":{\"@type\":\"PropertyValueSpecification\",\"valueRequired\":true,\"valueName\":\"search_term_string\"}}],\"inLanguage\":\"fr-FR\"},{\"@type\":\"Organization\",\"@id\":\"https:\/\/www.portedegeneve.com\/fr\/#organization\",\"name\":\"Hotel Porte de Gen\u00e8ve\",\"url\":\"https:\/\/www.portedegeneve.com\/fr\/\",\"logo\":{\"@type\":\"ImageObject\",\"inLanguage\":\"fr-FR\",\"@id\":\"https:\/\/www.portedegeneve.com\/fr\/#\/schema\/logo\/image\/\",\"url\":\"https:\/\/www.portedegeneve.com\/wp-content\/uploads\/2019\/06\/portes_de_geneve_logo_min.png\",\"contentUrl\":\"https:\/\/www.portedegeneve.com\/wp-content\/uploads\/2019\/06\/portes_de_geneve_logo_min.png\",\"width\":224,\"height\":67,\"caption\":\"Hotel Porte de Gen\u00e8ve\"},\"image\":{\"@id\":\"https:\/\/www.portedegeneve.com\/fr\/#\/schema\/logo\/image\/\"}}]}<\/script>","yoast_head_json":{"title":"Mentions l\u00e9gales - H\u00f4tel Porte de Gen\u00e8ve","robots":{"index":"index","follow":"follow","max-snippet":"max-snippet:-1","max-image-preview":"max-image-preview:large","max-video-preview":"max-video-preview:-1"},"canonical":"https:\/\/www.portedegeneve.com\/fr\/mentions-legales\/","og_locale":"fr_FR","og_type":"article","og_title":"Mentions l\u00e9gales - H\u00f4tel Porte de Gen\u00e8ve","og_description":"[vc_row][vc_column][vc_custom_heading text=&#8221;Mentions L\u00e9gales&#8221; font_container=&#8221;tag:h2|text_align:left|color:%23382d2c&#8221; google_fonts=&#8221;font_family:Signika%20Negative%3A300%2Cregular%2C600%2C700|font_style:400%20regular%3A400%3Anormal&#8221;][\/vc_column][\/vc_row][vc_row][vc_column][vc_column_text]\u00c9diteur SAS ALSABE H\u00f4tel Porte de Gen\u00e8ve Si\u00e8ge social : 9 Rue de T\u00e9h\u00e9ran, 75008 Paris Tel : (33) 04 50 39 70 30 RCS :\u00a0Paris 811\u00a0665 967 Capital social : 1\u00a0531 088,00 EURO Directrice d\u00e9l\u00e9gu\u00e9e :\u00a0Laurence Vandeweghe Conception et d\u00e9veloppement \/ Gestion technique : Mixit7 www.mixit7.com hello@mixit7.com H\u00e9bergement : Mixit7 [&hellip;]","og_url":"https:\/\/www.portedegeneve.com\/fr\/mentions-legales\/","og_site_name":"H\u00f4tel Porte de Gen\u00e8ve","article_modified_time":"2021-06-23T14:31:56+00:00","twitter_card":"summary_large_image","twitter_misc":{"Est. reading time":"1 minute"},"schema":{"@context":"https:\/\/schema.org","@graph":[{"@type":"WebPage","@id":"https:\/\/www.portedegeneve.com\/fr\/mentions-legales\/","url":"https:\/\/www.portedegeneve.com\/fr\/mentions-legales\/","name":"Mentions l\u00e9gales - H\u00f4tel Porte de Gen\u00e8ve","isPartOf":{"@id":"https:\/\/www.portedegeneve.com\/fr\/#website"},"datePublished":"2019-06-17T15:30:40+00:00","dateModified":"2021-06-23T14:31:56+00:00","breadcrumb":{"@id":"https:\/\/www.portedegeneve.com\/fr\/mentions-legales\/#breadcrumb"},"inLanguage":"fr-FR","potentialAction":[{"@type":"ReadAction","target":["https:\/\/www.portedegeneve.com\/fr\/mentions-legales\/"]}]},{"@type":"BreadcrumbList","@id":"https:\/\/www.portedegeneve.com\/fr\/mentions-legales\/#breadcrumb","itemListElement":[{"@type":"ListItem","position":1,"name":"Accueil","item":"https:\/\/www.portedegeneve.com\/fr\/"},{"@type":"ListItem","position":2,"name":"Mentions l\u00e9gales"}]},{"@type":"WebSite","@id":"https:\/\/www.portedegeneve.com\/fr\/#website","url":"https:\/\/www.portedegeneve.com\/fr\/","name":"H\u00f4tel Porte de Gen\u00e8ve","description":"H\u00f4tel Porte de Gen\u00e8ve","publisher":{"@id":"https:\/\/www.portedegeneve.com\/fr\/#organization"},"potentialAction":[{"@type":"SearchAction","target":{"@type":"EntryPoint","urlTemplate":"https:\/\/www.portedegeneve.com\/fr\/?s={search_term_string}"},"query-input":{"@type":"PropertyValueSpecification","valueRequired":true,"valueName":"search_term_string"}}],"inLanguage":"fr-FR"},{"@type":"Organization","@id":"https:\/\/www.portedegeneve.com\/fr\/#organization","name":"Hotel Porte de Gen\u00e8ve","url":"https:\/\/www.portedegeneve.com\/fr\/","logo":{"@type":"ImageObject","inLanguage":"fr-FR","@id":"https:\/\/www.portedegeneve.com\/fr\/#\/schema\/logo\/image\/","url":"https:\/\/www.portedegeneve.com\/wp-content\/uploads\/2019\/06\/portes_de_geneve_logo_min.png","contentUrl":"https:\/\/www.portedegeneve.com\/wp-content\/uploads\/2019\/06\/portes_de_geneve_logo_min.png","width":224,"height":67,"caption":"Hotel Porte de Gen\u00e8ve"},"image":{"@id":"https:\/\/www.portedegeneve.com\/fr\/#\/schema\/logo\/image\/"}}]}},"_links":{"self":[{"href":"https:\/\/www.portedegeneve.com\/fr\/wp-json\/wp\/v2\/pages\/1034","targetHints":{"allow":["GET"]}}],"collection":[{"href":"https:\/\/www.portedegeneve.com\/fr\/wp-json\/wp\/v2\/pages"}],"about":[{"href":"https:\/\/www.portedegeneve.com\/fr\/wp-json\/wp\/v2\/types\/page"}],"author":[{"embeddable":true,"href":"https:\/\/www.portedegeneve.com\/fr\/wp-json\/wp\/v2\/users\/2"}],"replies":[{"embeddable":true,"href":"https:\/\/www.portedegeneve.com\/fr\/wp-json\/wp\/v2\/comments?post=1034"}],"version-history":[{"count":2,"href":"https:\/\/www.portedegeneve.com\/fr\/wp-json\/wp\/v2\/pages\/1034\/revisions"}],"predecessor-version":[{"id":2597,"href":"https:\/\/www.portedegeneve.com\/fr\/wp-json\/wp\/v2\/pages\/1034\/revisions\/2597"}],"wp:attachment":[{"href":"https:\/\/www.portedegeneve.com\/fr\/wp-json\/wp\/v2\/media?parent=1034"}],"curies":[{"name":"wp","href":"https:\/\/api.w.org\/{rel}","templated":true}]}}

Mentions légales

[vc_row][vc_column][vc_custom_heading text=&#8221;Mentions Légales&#8221; font_container=&#8221;tag:h2|text_align:left|color:%23382d2c&#8221; google_fonts=&#8221;font_family:Signika%20Negative%3A300%2Cregular%2C600%2C700|font_style:400%20regular%3A400%3Anormal&#8221;][/vc_column][/vc_row][vc_row][vc_column][vc_column_text]<b>Éditeur</b></p>
<p>SAS ALSABE<br />
Hôtel Porte de Genève<br />
Siège social : 9 Rue de Téhéran, 75008 Paris<br />
Tel : (33) 04 50 39 70 30<br />
RCS : Paris 811 665 967<br />
Capital social : 1 531 088,00 EURO<br />
Directrice déléguée : Laurence Vandeweghe</p>
<p><strong>Conception et développement / Gestion technique :</strong></p>
<p>Mixit7<br />
www.mixit7.com<br />
hello@mixit7.com</p>
<p><strong>Hébergement :</strong><br />
Mixit7 – www.mixit7.com[/vc_column_text][/vc_column][/vc_row]

<p>[vc_row][vc_column][vc_custom_heading text=&#8221;Mentions Légales&#8221; font_container=&#8221;tag:h2|text_align:left|color:%23382d2c&#8221; google_fonts=&#8221;font_family:Signika%20Negative%3A300%2Cregular%2C600%2C700|font_style:400%20regular%3A400%3Anormal&#8221;][/vc_column][/vc_row][vc_row][vc_column][vc_column_text]Éditeur SAS ALSABE Hôtel Porte de Genève Siège social : 9 Rue de Téhéran, 75008 Paris Tel : (33) 04 50 39 70 30 RCS : Paris 811 665 967 Capital social : 1 531 088,00 EURO Directrice déléguée : Laurence Vandeweghe Conception et développement / Gestion technique : Mixit7 www.mixit7.com hello@mixit7.com Hébergement : Mixit7 [&hellip;]</p>

<title>Mentions légales - Hôtel Porte de Genève</title>
<meta name="robots" content="index, follow, max-snippet:-1, max-image-preview:large, max-video-preview:-1" />
<link rel="canonical" href="https://www.portedegeneve.com/fr/mentions-legales/" />
<meta property="og:locale" content="fr_FR" />
<meta property="og:type" content="article" />
<meta property="og:title" content="Mentions légales - Hôtel Porte de Genève" />
<meta property="og:description" content="[vc_row][vc_column][vc_custom_heading text=&#8221;Mentions Légales&#8221; font_container=&#8221;tag:h2|text_align:left|color:%23382d2c&#8221; google_fonts=&#8221;font_family:Signika%20Negative%3A300%2Cregular%2C600%2C700|font_style:400%20regular%3A400%3Anormal&#8221;][/vc_column][/vc_row][vc_row][vc_column][vc_column_text]Éditeur SAS ALSABE Hôtel Porte de Genève Siège social : 9 Rue de Téhéran, 75008 Paris Tel : (33) 04 50 39 70 30 RCS : Paris 811 665 967 Capital social : 1 531 088,00 EURO Directrice déléguée : Laurence Vandeweghe Conception et développement / Gestion technique : Mixit7 www.mixit7.com hello@mixit7.com Hébergement : Mixit7 [&hellip;]" />
<meta property="og:url" content="https://www.portedegeneve.com/fr/mentions-legales/" />
<meta property="og:site_name" content="Hôtel Porte de Genève" />
<meta property="article:modified_time" content="2021-06-23T14:31:56+00:00" />
<meta name="twitter:card" content="summary_large_image" />
<meta name="twitter:label1" content="Est. reading time" />
	<meta name="twitter:data1" content="1 minute" />
<script type="application/ld+json" class="yoast-schema-graph">{"@context":"https://schema.org","@graph":[{"@type":"WebPage","@id":"https://www.portedegeneve.com/fr/mentions-legales/","url":"https://www.portedegeneve.com/fr/mentions-legales/","name":"Mentions légales - Hôtel Porte de Genève","isPartOf":{"@id":"https://www.portedegeneve.com/fr/#website"},"datePublished":"2019-06-17T15:30:40+00:00","dateModified":"2021-06-23T14:31:56+00:00","breadcrumb":{"@id":"https://www.portedegeneve.com/fr/mentions-legales/#breadcrumb"},"inLanguage":"fr-FR","potentialAction":[{"@type":"ReadAction","target":["https://www.portedegeneve.com/fr/mentions-legales/"]}]},{"@type":"BreadcrumbList","@id":"https://www.portedegeneve.com/fr/mentions-legales/#breadcrumb","itemListElement":[{"@type":"ListItem","position":1,"name":"Accueil","item":"https://www.portedegeneve.com/fr/"},{"@type":"ListItem","position":2,"name":"Mentions légales"}]},{"@type":"WebSite","@id":"https://www.portedegeneve.com/fr/#website","url":"https://www.portedegeneve.com/fr/","name":"Hôtel Porte de Genève","description":"Hôtel Porte de Genève","publisher":{"@id":"https://www.portedegeneve.com/fr/#organization"},"potentialAction":[{"@type":"SearchAction","target":{"@type":"EntryPoint","urlTemplate":"https://www.portedegeneve.com/fr/?s={search_term_string}"},"query-input":{"@type":"PropertyValueSpecification","valueRequired":true,"valueName":"search_term_string"}}],"inLanguage":"fr-FR"},{"@type":"Organization","@id":"https://www.portedegeneve.com/fr/#organization","name":"Hotel Porte de Genève","url":"https://www.portedegeneve.com/fr/","logo":{"@type":"ImageObject","inLanguage":"fr-FR","@id":"https://www.portedegeneve.com/fr/#/schema/logo/image/","url":"https://www.portedegeneve.com/wp-content/uploads/2019/06/portes_de_geneve_logo_min.png","contentUrl":"https://www.portedegeneve.com/wp-content/uploads/2019/06/portes_de_geneve_logo_min.png","width":224,"height":67,"caption":"Hotel Porte de Genève"},"image":{"@id":"https://www.portedegeneve.com/fr/#/schema/logo/image/"}}]}</script>

Mentions légales - Hôtel Porte de Genève

[vc_row][vc_column][vc_custom_heading text=&#8221;Mentions Légales&#8221; font_container=&#8221;tag:h2|text_align:left|color:%23382d2c&#8221; google_fonts=&#8221;font_family:Signika%20Negative%3A300%2Cregular%2C600%2C700|font_style:400%20regular%3A400%3Anormal&#8221;][/vc_column][/vc_row][vc_row][vc_column][vc_column_text]Éditeur SAS ALSABE Hôtel Porte de Genève Siège social : 9 Rue de Téhéran, 75008 Paris Tel : (33) 04 50 39 70 30 RCS : Paris 811 665 967 Capital social : 1 531 088,00 EURO Directrice déléguée : Laurence Vandeweghe Conception et développement / Gestion technique : Mixit7 www.mixit7.com hello@mixit7.com Hébergement : Mixit7 [&hellip;]

Hôtel Porte de Genève

Hotel Porte de Genève
